late h(10).
13
Let u(x) = -2032*x + 20280. Calculate u(10).
-40
Let w(y) = -y**3 - 319*y**2 - 323*y - 1586. Determine w(-318).
4
Let l(z) = 5*z**3 - 122*z**2 + 677*z + 396. Calculate l(15).
-24
Let x(j) = 3614*j - 80751. Give x(22).
-1243
Let m(k) = k**3 - 480*k**2 - 5848*k - 27538. Calculate m(492).
14
Let y(z) = -11290*z - 203146. What is y(-18)?
74
Let l(t) = -2*t**3 - 194*t**2 + 1885*t + 236. Calculate l(9).
29
Let m(z) = 5*z**3 - 377*z**2 - 3615*z + 214. What is m(84)?
-38
Let n(m) = m**2 - 24310*m + 582816. Give n(24).
-48
Let u(n) = -1526*n + 135850. Determine u(89).
36
Let h(p) = p**3 - 1610*p**2 + 14338*p + 113673. Give h(1601).
2
Let y(f) = -143*f**2 + 2252*f - 6718. What is y(4)?
2
Let v(d) = -749*d - 4373. Calculate v(-6).
121
Let n(w) = 46*w + 426. Determine n(-9).
12
Let y(b) = 15*b**3 + 62*b - 101. Determine y(2).
143
Let x(f) = -2*f**2 - 15492*f + 4827585. What is x(300)?
-15
Let l(v) = 434364*v + 11293480. Determine l(-26).
16
Let x(i) = -2379*i - 47294. Give x(-20).
286
Let o(k) = k**3 - 12*k**2 - 15*k - 226. Determine o(15).
224
Let n(x) = 1085*x - 4433. Determine n(4).
-93
Let r(d) = 64836*d + 77479014. What is r(-1195)?
-6
Let n(t) = -t**3 - 64*t**2 + 912*t - 4. Determine n(12).
-4
Let d(g) = 4*g**2 - 167*g - 2424. Determine d(54).
222
Let o(x) = x**3 + 255*x**2 + 6358*x + 23. Give o(-28).
-33
Let k(v) = -57*v + 9037. Determine k(153).
316
Let b(u) = -5*u**3 - 517*u**2 - 209*u - 534. Give b(-103).
-225
Let s(x) = -154*x**2 - 1791*x + 5111. Calculate s(-14).
1
Let w(p) = 794*p - 74414. Determine w(95).
1016
Let h(v) = -300402*v + 12. Give h(0).
12
Let y(k) = -2*k**3 + 8*k**2 - 1743*k + 8743. Determine y(5).
-22
Let b(g) = -g**3 - 51*g**2 + 128*g + 4313. Give b(-52).
361
Let i(c) = -6*c**3 + 7*c**2 + 101*c + 327. Calculate i(-5).
747
Let x(k) = k**3 - 233*k**2 - 1923*k - 1202. What is x(241)?
3
Let f(q) = -2*q**3 + 125*q**2 + 475*q - 876. Give f(66).
-18
Let s(g) = 1987*g - 202642. Determine s(102).
32
Let s(f) = -4780*f - 9446. Calculate s(-2).
114
Let c(v) = -v**2 - 554*v + 20597. Determine c(35).
-18
Let q(j) = j**3 + 8*j**2 - 10336*j - 31045. Determine q(-3).
8
Let a(u) = 33634*u - 33647. Calculate a(1).
-13
Let d(f) = -3*f**2 + 139*f - 2312. Determine d(19).
-754
Let q(t) = 37*t**2 - 189*t - 195. Determine q(-1).
31
Let h(y) = y**3 + 53*y**2 + 126*y + 1219. Give h(-51).
-5
Let o(f) = f**3 + 80*f**2 - 3*f + 6275. Calculate o(-81).
-43
Let y(d) = 4*d**2 + 76*d - 724. What is y(-29)?
436
Let u(w) = 3860*w + 1354859. Determine u(-351).
-1
Let k(j) = 321*j**2 - 124*j + 264. What is k(2)?
1300
Let m(c) = -33149*c**2 - 68*c - 3. Give m(0).
-3
Let t(p) = -p**3 + 73*p**2 + 262*p - 24022. Determine t(72).
26
Let z(j) = -4*j**2 + 1496*j - 132142. Determine z(231).
-10
Let l(d) = -2*d**3 - 156*d**2 + 1287*d + 27. Calculate l(8).
-685
Let g(j) = -5*j**3 - 262*j**2 - 382*j - 1300. What is g(-51)?
-25
Let d(z) = -36*z**2 + 33*z + 1. Calculate d(5).
-734
Let y(j) = 19*j**2 + 103*j - 1028. Give y(9).
1438
Let d(f) = 2*f**2 - 56861*f - 341241. Calculate d(-6).
-3
Let a(q) = 1969*q + 62827. Give a(-32).
-181
Let u(z) = 6*z**3 - 137*z**2 - 51*z + 672. Determine u(23).
28
Let s(f) = -f**3 - 34*f**2 - 235*f + 648. Give s(-22).
10
Let l(f) = 303*f**3 - f**2 + 431*f - 433. Calculate l(1).
300
Let f(o) = -o**3 + 420*o**2 + 1294*o - 10670. Calculate f(423).
-95
Let q(w) = -2935*w - 21724. Give q(-7).
-1179
Let q(h) = -8024*h - 7883. Give q(-1).
141
Let h(y) = 11*y**3 + 188*y**2 - 25*y - 410. Calculate h(-17).
304
Let o(n) = n**3 + 87*n**2 - 118*n - 2102. Determine o(-88).
538
Let j(w) = 26*w**2 - 24*w - 9. What is j(-1)?
41
Let x(j) = -2317*j - 498160. Determine x(-215).
-5
Let v(l) = l**3 - 180*l**2 - 2915*l - 1970. Determine v(195).
-20
Let j(c) = -c**2 + 610*c + 7493. Give j(-12).
29
Let c(j) = -4*j**3 - 36*j**2 + 110*j - 54. Give c(-13).
1220
Let f(k) = -1371*k + 155517. Calculate f(112).
1965
Let v(z) = 3*z**2 - 51*z - 3537. Give v(44).
27
Let y(p) = -23361*p + 116858. Calculate y(5).
53
Let t(r) = r**3 + 17*r**2 + 12*r - 23. Determine t(-14).
397
Let t(r) = -4*r**2 + 1829*r - 31823. Determine t(18).
-197
Let o(t) = -4*t**3 - 37*t**2 + 25*t - 7. Calculate o(4).
-755
Let h(r) = -3553*r + 7342. Give h(3).
-3317
Let s(v) = 15495*v + 108802. Determine s(-7).
337
Let z(j) = -j**2 - 103*j + 735. Determine z(-110).
-35
Let i(m) = -61*m + 2676. Calculate i(24).
1212
Let q(f) = -60*f**2 - 496*f - 1995. What is q(-4)?
-971
Let c(l) = 45630*l + 45635. What is c(-1)?
5
Let l(i) = -2108*i - 12597. What is l(-6)?
51
Let r(s) = -1069*s**2 + 17145*s - 666. What is r(16)?
-10
Let f(j) = -9*j**2 - 753*j + 3117. Give f(4).
-39
Let f(j) = 231086*j - 3466329. Calculate f(15).
-39
Let f(d) = 2*d**2 - 141*d - 1993. What is f(-12)?
-13
Let g(p) = -p**3 + 105*p**2 + 1700*p + 6059. What is g(-9)?
-7
Let a(h) = 3*h**3 + 558*h**2 - 275*h - 51167. Determine a(-186).
-17
Let x(d) = -102*d + 17839. Determine x(171).
397
Let u(s) = -33*s**2 + 218*s + 44. Determine u(12).
-2092
Let d(n) = -2851*n**3 - n**2 + 30*n + 32. Give d(-1).
2852
Let c(t) = 1047*t + 5128. What is c(-5)?
-107
Let v(c) = c**3 + 610*c**2 + 3543*c - 48968. What is v(-604)?
-44
Let v(o) = -4*o**3 - 7*o**2 - 73*o + 325. Give v(6).
-1229
Let o(j) = j**2 + 2380279*j + 19042175. Give o(-8).
7
Let a(s) = 4*s**3 - 5*s**2 - 302*s + 930. Calculate a(3).
87
Let y(q) = -4770*q + 3563183. Give y(747).
-7
Let s(h) = 18206*h - 31296115. What is s(1719)?
-1
Let v(n) = -2*n**2 - 17*n + 233. Determine v(-19).
-166
Let y(w) = -2*w**3 + 375*w**2 + 493*w + 13943. Calculate y(189).
-43
Let w(z) = 64*z**3 + 1309*z**2 - 736*z + 7. Give w(-21).
28
Let n(i) = -5471*i + 60195. Calculate n(11).
14
Let k(y) = -11*y**2 - 5757*y + 88834. Give k(15).
4
Let l(x) = 129743*x + 51248482. What is l(-395)?
-3
Let r(j) = 373864*j - 17945474. What is r(48)?
-2
Let q(t) = -352*t + 2722. What is q(8)?
-94
Let m(j) = j**3 + 10*j**2 - 1014*j - 15695. What is m(-18)?
-35
Let q(b) = 3782*b + 83216. Calculate q(-22).
12
Let i(d) = d**2 + 475*d + 56349. Calculate i(-232).
-27
Let b(d) = 695*d + 75738. Calculate b(-109).
-17
Let u(v) = 1613*v**2 - 59690*v + 331. Calculate u(37).
-2
Let x(g) = 3*g**2 + 131*g + 589. Calculate x(-29).
-687
Let l(y) = -y**3 - 103*y**2 - 2621*y - 1099. Determine l(-44).
1
Let a(z) = -1053*z - 41773. Calculate a(-40).
347
Let b(d) = d**2 + 116*d - 257. Determine b(-116).
-257
Let p(g) = 1302*g - 11206. What is p(9)?
512
Let f(n) = -n**3 + 95*n**2 + 13*n - 1162. Give f(95).
73
Let b(g) = 66*g**2 - 3963*g - 3959. What is b(-1)?
70
Let j(p) = 22218*p - 133365. Determine j(6).
-57
Let o(c) = -c**3 - 13*c**2 + 1168*c + 17901. What is o(-16)?
-19
Let w(g) = 316387*g - 3163871. What is w(10)?
-1
Let s(y) = -141*y**2 - 724*y - 89. What is s(-5)?
6
Let o(p) = 13346*p - 27481. Determine o(2).
-789
Let r(h) = h**3 - 7*h**2 + 1075*h + 2178. What is r(-2)?
-8
Let c(n) = -2942*n - 335382. Give c(-114).
6
Let i(u) = 686*u**2 - 12343*u - 75. What is i(18)?
15
Let j(a) = 10065*a + 271806. What is j(-27)?
51
Let b(u) = -u**3 - u**2 - 79*u + 252. Determine b(3).
-21
Let h(s) = 17*s**2 + 20561*s + 82245. What is h(-4)?
273
Let g(v) = -289788*v + 2897884. Determine g(10).
4
Let b(f) = f**2 + 24831*f + 10732038. Calculate b(-440).
-2
Let x(v) = -9637*v + 58903. What is x(6)?
1081
Let n(w) = w**3 - 201*w**2 - 198*w - 1101. What is n(202)?
-293
Let w(h) = 705*h + 18519. Give w(-26).
189
Let z(k) = -2*k**2 + 1540*k - 7641. What is z(5)?
9
Let r(c) = -c**3 - 387*c**2 - 22678*c + 555. Calculate r(-315).
-75
Let p(c) = 35*c**2 - 598*c + 21. Calculate p(17).
-30
Let t(d) = 918*d**3 - 13*d**2 + 6*d + 3. What is t(1)?
914
Let r(f) = 158*f - 2025. Determine r(16).
503
Let w(n) = -4846*n**2 + 508831*n - 111. Calculate w(105).
-6
Let i(k) = k**2 - 12*k - 1938. Give i(44).
-530
Let u(c) = 1057912*c + 4231655. Give u(-4).
7
Let k(u) = -3763*u + 4297380. Calculate k(1142).
34
Let s(z) = 2927*z + 147612. Give s(-50).
1262
Let y(f) = -f**3 - 92*f**2 + 587*f + 37547. What is y(-94)?
41
Let j(l) = -16*l**3 - 120*l**2 + 84*l + 160. Determine j(-8).
0
Let j(h) = -h**3 + 928*h**2 + 3701*h + 25164. Give j(932).
0
Let j(r) = 631*r - 55452. What is j(88)?
76
Let j(f) = -3*f**3 + 303*f**2 - 290*f - 1013. Give j(100).
-13
Let y(t) = 4*t**3 + 8*t**2 - 2*t - 481. What 